4) to base 8.
1063776
21a732 (base 11) to base 9
584347
Convert a9a02 (base 16) to base 9.
1268054
-1533225 (base 7) to base 16
-33471
What is -344043332 (base 6) in base 8?
-30164510
What is -10244104 (base 5) in base 3?
-11102220012
111221102121021 (base 3) to base 2
11100010000111001110010
11312545 (base 6) to base 15
6e3c2
What is 65882 (base 9) in base 16?
aad5
Convert 22222200 (base 4) to base 9.
65823
What is 105367 (base 13) in base 7?
3153145
What is -364185 (base 9) in base 15?
-450e2
Convert -1107615 (base 9) to base 2.
-10010001100001111101
Convert 22849 (base 13) to base 2.
1111010111010001
3200210123 (base 5) to base 6
354251350
What is -1c041 (base 15) in base 12?
-4492a
What is 54262265 (base 7) in base 11?
2687a72
What is 201051432 (base 6) in base 7?
41002463
Convert 81d0e (base 15) to base 3.
202220012212
Convert -13cb2 (base 15) to base 3.
-10020021012
7020017 (base 11) to base 8
57325623
1011011001111111 (base 2) to base 11
32112
What is -1302420102 (base 5) in base 2?
-1100000101111011101011
Convert -57948 (base 12) to base 7.
-665324
Convert -22142441 (base 5) to base 3.
-100211102112
What is 10011000101011011100010 (base 2) in base 8?
23053342
Convert -986ba (base 14) to base 11.
-232298
What is 4d9059 (base 14) in base 5?
1141103404
What is -3504544 (base 7) in base 16?
-6b167
What is -166504 (base 8) in base 7?
-342041
Convert -144210102 (base 5) to base 12.
-313093
Convert -2242410 (base 6) to base 8.
-337706
310011011 (base 4) to base 10
213317
-9293090 (base 10) to base 11
-5278044
3020431221 (base 5) to base 4
113000031222
Convert 549048 (base 11) to base 4.
3111311022
Convert 1133233021 (base 4) to base 9.
656817
Convert -214342413 (base 6) to base 12.
-135aa09
What is -77c (base 16) in base 4?
-131330
What is -15275000 (base 8) in base 16?
-357a00
What is -122414 (base 5) in base 9?
-6440
-44b71 (base 13) to base 6
-2402343
What is -439e47 (base 15) in base 9?
-6052064
Convert 544151 (base 9) to base 10.
324532
What is 111540140 (base 6) in base 2?
111110100100100011100
What is 81a958 (base 13) in base 3?
12200120001022
75413 (base 9) to base 2
1100001011110100
Convert 1335450 (base 7) to base 15.
37799
Convert 202100021000 (base 3) to base 10.
400410
What is -159216c (base 13) in base 16?
-69f8d0
Convert d173 (base 15) to base 5.
2403313
Convert -6b1a16 (base 12) to base 14.
-32c546
Convert 7b63 (base 12) to base 2.
11010110111011
What is 2222001201220 (base 3) in base 10?
1575906
What is -154666 (base 8) in base 14?
-16450
Convert -9137 (base 12) to base 6.
-200511
Convert 324d2 (base 14) to base 13.
4351b
Convert -11111644 (base 7) to base 3.
-1210211100011
Convert 100000101200 (base 3) to base 13.
629bb
100101010001010 (base 2) to base 16
4a8a
157449 (base 10) to base 6
3212533
-3a31 (base 13) to base 16
-2081
Convert 11255456 (base 7) to base 4.
3301121123
-256b14 (base 13) to base 4
-3123311201
What is 1494576 (base 10) in base 8?
5547060
What is -19236 (base 13) in base 8?
-137115
What is 3213312020 (base 4) in base 12?
399688
Convert 57d4b (base 14) to base 7.
1550424
-10395 (base 12) to base 7
-116021
-338032 (base 9) to base 7
-1502636
3341340 (base 6) to base 12
81850
-223344 (base 10) to base 14
-5b572
Convert 181595 (base 11) to base 8.
1043233
What is 12555 (base 6) in base 5?
30233
212110001102 (base 3) to base 8
1605267
-f6591 (base 16) to base 4
-3312112101
What is 102111101011 (base 3) in base 5?
24220024
Convert 386a248 (base 11) to base 5.
3204021131
Convert 240770 (base 9) to base 11.
99a13
Convert -234343344 (base 5) to base 11.
-685320
1506683 (base 9) to base 2
11001011000010000101
-1534842 (base 11) to base 7
-31221055
Convert -4226137 (base 9) to base 14.
-42c21b
-120817 (base 10) to base 14
-3205b
-2174 (base 12) to base 13
-18a9
1175077 (base 9) to base 10
640132
-25a08a (base 11) to base 12
-178637
What is 48628 (base 12) in base 8?
276600
What is -c8bbd9 (base 15) in base 3?
-122222120011020
What is -32313331111 (base 4) in base 13?
-a66a41
Convert -52b161 (base 14) to base 10.
-2796417
5536b (base 14) to base 12
9b5ab
What is 6416a (base 11) in base 14?
26051
-2085667 (base 11) to base 9
-6810126
Convert 1720500 (base 9) to base 13.
277263
Convert 6838d (base 16) to base 4.
1220032031
Convert 10101101001101100111001 (base 2) to base 15.
771add
What is 542770 (base 9) in base 2?
1001110111111111001
-6073216 (base 8) to base 9
-3013168
What is -3603326 (base 9) in base 7?
-22404153
20222100201 (base 3) to base 2
100001100001100010
What is 117f81 (base 16) in base 13?
311c6a
Convert 11557531 (base 8) to base 5.
1123010140
12b53b (base 13) to base 9
761043
What is 10210220000102 (base 3) in base 8?
7563325
Convert -4004442 (base 6) to base 14.
-4c562
Convert -1352301 (base 7) to base 16.
-2c2ad
Convert -41600625 (base 7) to base 2.
-1101011001101010010000
1b2040 (base 14) to base 3
1211002000201
What is 120222212011 (base 3) in base 9?
528764
-143222330 (base 5) to base 15
-ee82a
-16c12c (base 13) to base 11
-359742
Convert 86395a (base 16) to base 2.
100001100011100101011010
Convert -1052490 (base 10) to base 4.
-10000331022
10a967 (base 15) to base 11
4a3532
-341bab6 (base 13) to base 15
-1616ab1
Convert -12220111102 (base 3) to base 10.
-116273
Convert -227929 (base 11) to base 12.
-155479
1310123220 (base 4) to base 9
806163
38b83 (base 12) to base 14
20471
Convert 36655b (base 14) to base 6.
103522005
-12d1b (base 14) to base 4
-23112031
What is 352533 (base 6) in base 3?
1112202110
What is 331120331022 (base 4) in base 15?
162d46c
Convert -2222212112001 (base 3) to base 8.
-6044752
Convert -1523654 (base 7) to base 5.
-23122343
Convert -314315 (base 12) to base 14.
-162401
626374 (base 9) to base 13
1004a1
What is 3ddc4c (base 15) in base 10?
2982897
Convert -220562 (base 7) to base 5.
-2214310
What is 276b28 (base 12) in base 3?
1020021012212
What is 1842279 (base 10) in base 8?
7016147
Convert -1953b2 (base 12) to base 16.
-6c8f6
335220 (base 6) to base 12
14510
Convert -1760166 (base 10) to base 11.
-aa2491
-a2b4df (base 16) to base 2
-101000101011010011011111
-1137767 (base 13) to base 5
-2324103212
What is 1d16c6 (base 14) in base 16?
fe3ae
Convert 313404144 (base 5) to base 9.
2415781
What is -2996c (base 15) in base 2?
-100000101001111000
297536c (base 13) to base 11
750048a
What is 27a32 (base 16) in base 3?
22020201010
Convert -126c1b (base 15) to base 7.
-10340045
409573 (base 13) to base 11
939436
What is 7331558 (base 11) in base 9?
26286558
What is 37f86 (base 16) in base 13?
8046c
What is 1332270 (base 8) in base 2?
1011011010010111000
What is 20132102123 (base 4) in base 5?
1032034321
Convert -17b (base 15) to base 14.
-1a5
What is 72065 (base 14) in base 15?
564e4
-131201021 (base 4) to base 7
-1012331
-11333401 (base 6) to base 15
-70101
Convert 130134101 (base 5) to base 9.
1160824
What is 110000101010010110 (base 2) in base 10?
199318
-41250660 (base 7) to base 11
-1a51973
Convert 2e9d2 (base 16) to base 13.
68b9c
Convert -10020322021 (base 4) to base 16.
-108e89
-366163 (base 8) to base 11
-86797
What is -7a927 (base 15) in base 2?
-1011111010000101011
What is 32102313012 (base 4) in base 12?
1308686
Convert -36535142 (base 7) to base 4.
-30132032303
Convert -7a839 (base 14) to base 5.
-34013341
323041301 (base 5) to base 14
27c113
12304132 (base 5) to base 14
3168c
6566705 (base 8) to base 9
3278764
What is -242044231 (base 5) in base 13?
-3065c4
What is -11201002100110 (base 3) in base 5?
-1120021304
7472335 (base 8) to base 10
1995997
Convert -568b5 (base 16) to base 10.
-354485
Convert -215655 (base 8) to base 16.
-11bad
20677161 (base 9) to base 8
46023306
What is 717327 (base 9) in base 4?
1213310323
-100101000010100110111101 (base 2) to base 13
-201c891
-102300 (base 10) to base 5
-11233200
What is 18c8d82 (base 14) in base 11?
6a53550
2241646 (base 7) to base 14
73a5d
Convert -14124341 (base 5) to base 2.
-100011100010111100
1000014 (base 6) to base 8
133112
-1615123 (base 9) to base 16
-dac2b
Convert cfeb0 (base 16) to base 13.
23a832
What is 10020142 (base 6) in base 2?
1000100111111011110
Convert 3312201 (base 6) to base 7.
1255222
Convert -21b14 (base 16) to base 5.
-13404004
What is 10112021102 (base 3) in base 16?
10f4f
Convert 6a124 (base 1